h*w + w + 3*i = -95, 2*i = -10. Let p = w - 29. What is the tens digit of p?
1
Let c(z) be the second derivative of z**4/12 + z**3/3 - z**2/2 + 2*z. Let b be c(-2). What is the units digit of -2 + 0 - b - -2?
1
Let r = 89 + -52. What is the tens digit of r?
3
Let v = 170 - 59. What is the hundreds digit of v?
1
Suppose -7*m - 218 = -1324. What is the hundreds digit of m?
1
Let d = -21 - -7. Let q be (-52)/d + (-6)/(-21). Suppose -q*n - 3*k = -64, -5*n + k = -n - 48. What is the units digit of n?
3
Let y = -52 + 86. What is the tens digit of y?
3
Let y be (-2)/(-8) - 150/24. What is the tens digit of 22/y*(5 - 8)?
1
Let z = 79 + -52. What is the units digit of z?
7
Suppose 2*b + 2 = -10. Let n be -3 - 3/b*14. What is the units digit of (n/(-3))/((-4)/42)?
4
What is the units digit of (6/(-27)*-3)/(2/99)?
3
Suppose 3*u = -0*u - 5*r + 28, -3*r = -2*u + 6. Suppose -u*o + o = -10. What is the units digit of o?
2
Let j be (-8)/12 - (-26)/3. Let k(c) = c**3 - 8*c**2 + 4. Let o be k(j). Suppose 2*t - 5*i - 49 + 20 = 0, o*i - 16 = -4*t. What is the units digit of t?
7
Let k be 2/9 + (-25)/(-9). Suppose 13 = 4*b - 11. Suppose -n - 2 = -4*v + 6, -n - b = -k*v. What is the units digit of v?
2
Let p = 1 - 3. Let o be (p/2)/(1/(-3)). Suppose o*r - g + 5*g = 2, 4*r = -4*g + 8. What is the units digit of r?
6
Let m = -150 - -289. What is the tens digit of m?
3
Let b(q) = q**3 - 20*q**2 + 30*q - 40. What is the tens digit of b(19)?
6
Let y(u) = u**3 - 5*u**2 + 2*u + 2. Let f be y(3). Let t = f - -15. What is the units digit of t?
5
Let n(v) = v**2 - v + 5. Let a be n(0). Let t(l) = 2*l + 4. Let z be t(a). Suppose -k + z = k. What is the units digit of k?
7
Let a = 2 - 3. Let t be ((-20)/12)/(a/3). Suppose -t*p + 3*p = -8. What is the units digit of p?
4
Let b(a) be the second derivative of -a**4/12 - 7*a**3/6 + 4*a**2 + 5*a. Suppose -4*q - 36 = -c - 3*c, q - 5*c + 17 = 0. What is the units digit of b(q)?
8
Let v be (-2*1)/2*-5. Suppose 1 + 5 = 2*f, 55 = 5*g + 5*f. Suppose 4*t - 4 = 0, 3*t = -a + g*t + v. What is the units digit of a?
0
Let p(f) = -f**2 + 8*f - 7. Let n be p(6). Suppose 50 - 180 = -n*x. Suppose v - 8 = 3*y, x = 2*v - y - 0*y. What is the units digit of v?
4
Let i(z) = -z - 5. Let a be i(-5). Suppose -3*y + f - 3*f + 118 = a, 4*y + 4*f - 152 = 0. What is the tens digit of y?
4
Suppose -4*w + 4*h + 264 = 0, 4*w + 3*h = h + 288. Suppose 0 = -5*x + 2*d - 6*d + w, 0 = 4*x + d - 67. What is the tens digit of x?
1
Suppose -8*r - 71 = -9*r. What is the tens digit of r?
7
Let g(m) = 3*m**2 - 2. Let w be g(-2). What is the units digit of 5/(w/4) + 1?
3
Suppose 3*f - 9 = -3*s, -2*s - 3 = 3*f - 11. Let j = f + -4. Let i = 4 - j. What is the units digit of i?
6
Let r = -63 - -106. What is the tens digit of r?
4
Suppose h + 3*h - 8 = 0. Suppose -h*y + y = 70. What is the tens digit of (y/(-21))/((-2)/(-6))?
1
Let q = -22 + 58. What is the tens digit of q?
3
Let q = -21 - -24. Let v(b) be the first derivative of b**3/3 - b**2 + b + 1. What is the units digit of v(q)?
4
Let s(m) = m**2 + 6*m + 3. Let i be s(-6). Suppose -5*q + z + 3*z + 31 = 0, i*z = -12. Suppose o + q*o = 24. What is the units digit of o?
6
Suppose u = 4 - 1. Let g be 1 + (u - (25 + 0)). Let p = -15 - g. What is the units digit of p?
6
Let m(q) = 19*q + 13. Let c(u) = -10*u - 7. Let a(s) = 5*c(s) + 3*m(s). What is the units digit of a(3)?
5
Suppose -96 - 1308 = -13*m. What is the units digit of m?
8
Let o(f) = -f**2 - 4*f + 2. Let b be o(-3). Suppose 65 = 2*k - b*p - 2, 5*k = 2*p + 115. What is the tens digit of k?
2
Suppose 5*h = 28 - 3. Let g = h + -5. Suppose g*i - 2*i = -6. What is the units digit of i?
3
Let d(j) = -3*j + 23. Let z be d(8). Let t = -2 + 6. Let q = t + z. What is the units digit of q?
3
Let s(x) = -1 - 30*x**2 + 4 - 2 + 0*x**2. Let v be s(1). Let w = -17 - v. What is the units digit of w?
2
Suppose -n - 9 = -4*n. What is the units digit of n?
3
Suppose 3*o + 3*h - 24 = 0, 2*h = -5*o + 4*h + 68. Suppose -4*g - 18 = -8*g + 2*x, g + x - o = 0. What is the units digit of g?
7
Let d = -10 + 8. Let c be 3 + 4/d - -3. Suppose -n - j - 2 = 0, -4*n + 0 + c = j. What is the units digit of n?
2
What is the units digit of (-4 - -1209)/5 + -2?
9
Suppose -3*f = 2*f. Suppose -3*b - 2 + 8 = f. Suppose 2*d + b*d - 16 = 0. What is the units digit of d?
4
What is the hundreds digit of ((-4)/10)/((-8)/2400)?
1
Let o(x) = -x + 5. Suppose 0 = -5*z - 15, -12 = 2*w - z + 5*z. Let m be o(w). Let u(b) = b - 2. What is the units digit of u(m)?
3
Suppose j - 3 - 8 = -2*d, -2*j + 4 = -2*d. Suppose 2*x - j = -2*l + 1, 5*l - 9 = -3*x. What is the units digit of x?
3
Let y = 10 + -7. Suppose 5*a - 2*m = -0*m + 102, 0 = -5*a + y*m + 103. What is the tens digit of a?
2
What is the units digit of (-2)/5 + (-3)/(-45)*2841?
9
Suppose -3*f + 2*f + 37 = 0. Suppose 5*h = -0*h + 3*v + 31, -v - f = -5*h. What is the units digit of h?
8
Suppose -4*f + 18 = -6*g + 4*g, 36 = -5*g + f. Let t = g - -10. Suppose -3*b + 48 = -4*d, -11 + 62 = 5*b + t*d. What is the units digit of b?
2
Let c = -91 + 114. What is the units digit of c?
3
Let i(h) = -h + 16. Let k be i(15). Let o(r) = 27*r**2 - 1. What is the units digit of o(k)?
6
What is the units digit of (-2)/(-7) + (-1004)/(-14)?
2
Let n = -9 + 11. Suppose -3*i + n = -28. What is the tens digit of i?
1
Let z = 15 + 20. What is the units digit of z?
5
Let t(d) = 3*d - 5 - 2*d - 3*d. What is the units digit of t(-5)?
5
Let z(a) = a**3 + 5*a**2 - 8*a - 6. Suppose -4*n + 3*b - 33 = -3, -4*n = 3*b + 18. Let o be z(n). What is the units digit of (3/o)/(3/120)?
0
Suppose 0*g + 4*g = 8. Suppose -v + 12 = 5*h - 0, 24 = g*v + 4*h. What is the tens digit of v?
1
Let h be 10 - (-4)/(-6)*-3. Suppose -4*z + 14 = d, z + 14 = 3*d - z. Let q = h - d. What is the units digit of q?
6
Suppose 0 = -4*u, -17 = -m - 3*u + 4. Let n = m - 29. Let l = -2 - n. What is the units digit of l?
6
Let u(r) = 2*r**3 - 2*r**2 - r + 2. Let c(a) = -a**2 + 10*a - 6. Let x be c(9). Let f = 5 - x. What is the units digit of u(f)?
8
Let b = -91 - -139. What is the units digit of b?
8
What is the units digit of (-41)/(((-9)/(-6))/(-3))?
2
Suppose x - c - 2 = 0, -c = -2*x - 5*c - 8. Suppose 3*g = -3*k + 45, -3*k - 3 = -x*g - g. What is the tens digit of g?
1
Let r(u) = 3 + u**3 + 1 - 7*u - 3*u**2 - 2. Let f be r(5). Suppose -3*o - 2 = -f. What is the units digit of o?
5
Suppose 1735 = 21*n - 3956. What is the units digit of n?
1
Let k(w) = w**3 - 4*w**2 + 3*w - 5. Let q(h) = -h - 9. Let v be q(-13). What is the units digit of k(v)?
7
Let q = -65 - -140. Suppose -5*m + 4*z + q = 0, z = -m + 4*z + 4. What is the tens digit of m?
1
Let i(f) = 7*f**2 + f. Let s(l) = -l**2 - 6*l + 1. Let c be s(-6). What is the units digit of i(c)?
8
Suppose -118 + 22 = -12*j. What is the units digit of j?
8
Suppose 1015 = 14*x - 7*x. What is the units digit of x?
5
Let v(h) = 2*h - 18. What is the units digit of v(16)?
4
Suppose -k + 1 = -3. Suppose -f = -z - 4*z + 72, -k*f = 8. What is the units digit of z?
4
Let a(r) = r**3 + 8*r**2 + 7*r + 4. What is the tens digit of a(-5)?
4
Let a be 2/(-10) - 4/5. Let p = a - -8. What is the units digit of p?
7
Suppose 7*f - 2*f = -10. Let a = f + 4. Suppose -a*w + 0*w + 4*i = -34, 0 = 3*i + 9. What is the units digit of w?
1
Suppose 3*z - h - 14 = 0, 3*z - 2 - 2 = -h. Suppose -j - a = j - 13, -z*j + 22 = 4*a. What is the units digit of j?
6
Suppose 5*x = -2*j + 3*j - 26, -2*x + 10 = 3*j. What is the units digit of j?
6
What is the tens digit of ((-3 + 2)*-24)/(3/3)?
2
Suppose -3*j - 5*n + 77 = 0, -5*j + n + 119 = -0*n. What is the tens digit of j?
2
Let p = 0 - 0. What is the tens digit of p - (-1)/(4/92)?
2
Suppose 2*b - 670 = -3*b. What is the hundreds digit of b?
1
Let d be (-2)/(-5) - 43/(-5). Let l be d/2*(-16)/(-12). Suppose -r = -4*v + 49, -l = -5*r - 31. What is the units digit of v?
1
Let r(o) = -o**3 - 6*o**2 + 2*o + 2. Let g(b) = -b**3 - 6*b**2 + b + 1. Let l(s) = 2*g(s) - 3*r(s). What is the tens digit of l(-6)?
2
Let q be -1 + -1 + 1 + 3. Let c(o) = -q*o + 0 + 4*o + 1. What is the tens digit of c(5)?
1
Let y be 5 + (6/(-3))/1. Let d be (1 + 0)/((-4)/12). Let n = y - d. What is the units digit of n?
6
Let y(w) = w**3 + w**2 + 2*w - 3. Suppose -5*a + 4 = 3*u - 6*u, -4*a + 4 = 